21 = f - 5*q, 3*q - 4*q + 2 = 2*f. Let v(m) = m**2 - 3*m + 3. Let i be v(4). Let p = f + i. What is the units digit of p?
6
Let o(n) = -11*n + 8. Let p(r) = -5*r + 4. Let y(j) = -4*o(j) + 9*p(j). Let q = -9 - -4. What is the units digit of y(q)?
9
Let b(f) = -2*f + 3. Let l(z) = -z. Let n(o) = -b(o) + 3*l(o). What is the units digit of n(-6)?
3
What is the tens digit of ((-111)/12)/((-1)/4)?
3
Let a = 2 + 2. What is the units digit of a?
4
Let c(f) = -f + 6. Let m be c(6). Suppose 2*o = 2*b + 14, m*b - 4*b + 17 = o. What is the units digit of o?
9
Let z = 30 - 1. What is the units digit of z?
9
Let g(k) = 21*k**3 - k**2 + 3*k - 6. What is the hundreds digit of g(2)?
1
Suppose 5*i + z + 19 + 13 = 0, z + 20 = -3*i. Let b be (-4)/i + 498/9. Suppose 0 = -p - o + 2*o + 16, 5*p = -3*o + b. What is the tens digit of p?
1
Let z = 26 + 113. What is the tens digit of z?
3
Let p(b) = b**2 + 3*b + 17. What is the tens digit of p(-8)?
5
Let r(g) = -g**2 - 10*g - 9. Suppose -3*b + s + 3 = -4*b, -4*s = -12. What is the tens digit of r(b)?
1
Suppose 0 = 4*y - 159 + 27. Suppose -3*m - y = -2*h - 6, -3*m = -4*h + 63. What is the units digit of h?
8
Suppose 26 = 3*a + 2*s - 9, -65 = -5*a - 5*s. Let o(g) = -3*g. Let p be o(a). What is the units digit of (6/(-9))/(2/p)?
9
Let k(c) = c + 1. Let n be k(-3). Let s = n + 3. What is the units digit of s?
1
Let f be (9/18)/((-2)/132). Let c = -62 - f. Let s = -18 - c. What is the units digit of s?
1
Let g(y) = -y**2. Let a be g(0). Suppose j + 0*j = 5*b + 49, a = -2*b - 8. What is the units digit of j?
9
Let c be ((-2)/6)/(1/(-6)). Let k(i) = i**2 - 2*i. Let a be k(2). Let q = c + a. What is the units digit of q?
2
Suppose -o + m - 18 = 3*m, o = -3*m - 13. Let q be o*(-2)/((-12)/(-9)). Suppose -26 = -4*t + 4*c + q, 2 = t + 2*c. What is the tens digit of t?
1
Let o(h) = -h**3 - 3*h**2 + 3*h + 1. Let t be (8/8)/((-1)/5). Let c be o(t). Suppose -2*r = -5*b - 0 + c, -4*b = -r - 27. What is the units digit of b?
6
Let p(b) = -b**2 + 36*b + 95. What is the hundreds digit of p(29)?
2
Let y(k) = 7*k**3 + 8*k**2 - 4. Let z(q) = -q**3 - q**2 + 1. Let t(r) = y(r) + 6*z(r). Let b be t(-2). Suppose -b*s + 6 = -10. What is the units digit of s?
8
Let n(i) = -i**2 + 7*i - 9. Let x be n(6). Let p = x + 4. What is the units digit of (p + 15/9)*3?
8
Let g(s) = -s**3 - s**2 - s - 1. Let y be g(-1). Suppose 4*b - x - 176 = -3*x, 3*b + 5*x - 118 = y. What is the tens digit of b?
4
Let u = -6 + 5. Let x = u + 1. Suppose 4*b = -4*y + 20, -4*b + x*y + y = -10. What is the units digit of b?
3
What is the units digit of ((-430)/(-4) - -2)*2/3?
3
Let d = -19 + 21. Suppose 0 = d*p - 44 - 14. What is the units digit of p?
9
Suppose -l + 0*l = -g + 81, 3*l = 12. What is the units digit of g?
5
Let p be 298/14 - (-4)/(-14). Let r = 36 - p. What is the tens digit of 144/r + 8/20?
1
Let z = 89 + -44. What is the units digit of z?
5
Let i(u) = -7*u**3 + 22*u**2 - 25*u + 12. Let t(g) = -4*g**3 + 11*g**2 - 12*g + 6. Let w(l) = -3*i(l) + 5*t(l). What is the tens digit of w(10)?
4
Let k = 569 - 314. What is the units digit of k?
5
Let u(f) = 4*f - 6*f + 16*f + 1. What is the tens digit of u(1)?
1
What is the units digit of (-21)/(-6)*(-24)/(-42)?
2
Let d = 18 + -25. Let k = d - -3. Let b(h) = -h**2 - 5*h + 3. What is the units digit of b(k)?
7
Suppose 276 + 2286 = 7*s. What is the hundreds digit of s?
3
Suppose 7*c - 530 - 1409 = 0. What is the hundreds digit of c?
2
Let c be ((-1)/(-2))/((-1)/18). Let p(l) = l + 12. What is the units digit of p(c)?
3
What is the units digit of (3 + (-44)/(-2))*1?
5
What is the units digit of 62/8 - 10/(-40)?
8
Suppose -14 = g + 4*l, 3*g = -10*l + 5*l - 21. Let o = g + 14. What is the tens digit of o?
1
Suppose 4*g - 12*g = -2344. What is the hundreds digit of g?
2
Let g = 74 + -35. What is the units digit of g?
9
What is the units digit of 3*23 - (-10 + 7)?
2
Suppose 6 = 3*i - 9. Suppose 0 = b - i - 11. What is the units digit of b?
6
Suppose 188 = 3*p - 292. What is the hundreds digit of p?
1
Suppose t - 5 = -0*t. Suppose 8*o - 2*c - 14 = 4*o, -t*o - 2*c = 5. What is the units digit of o?
1
Let u = 333 - 171. What is the hundreds digit of u?
1
Let c be 4/14 + (-60)/(-35). Suppose -h = j - c*j + 8, -17 = j + 4*h. Suppose j = -3*i, 6 + 4 = 2*a - 4*i. What is the units digit of a?
3
Let k be 12 + -16 + 1*-1. Let r(i) = -i**3 - 3*i**2 + i - 5. What is the units digit of r(k)?
0
Let o = 23 - 15. Let m(j) = -j**2 + 9*j + 6. What is the tens digit of m(o)?
1
Let b(r) = r**3 - 8*r**2 + 8*r - 2. What is the units digit of b(7)?
5
Let c = -111 - -185. Suppose j = -28 + c. Suppose -5*z = -54 - j. What is the units digit of z?
0
Let h be (36/27)/(2/(-12)). What is the tens digit of 16/(-6)*30/h?
1
Let a = -155 - -234. What is the units digit of a?
9
Let x(c) be the second derivative of -1/20*c**5 + 0 - 9/2*c**2 + 2*c - 1/3*c**3 - 2/3*c**4. What is the units digit of x(-8)?
7
Let m = -16 - -37. Let y(r) = -r**3 + 4*r**2 - r - 2. Let u be y(2). Suppose 3*j + 4*o - m - 6 = 0, 36 = u*j - 4*o. What is the units digit of j?
9
Suppose 0 = -2*y - 4*s + 92, 4*y + 49 = 5*y - s. What is the tens digit of y?
4
Let q = -23 - -26. Suppose -5*i + w = -259, -q*i = -7*i - 2*w + 196. What is the units digit of i?
1
Let v be (-6)/10 - (-3)/5. Suppose 2*n + 2*n - 144 = 5*k, v = n + 5*k - 36. What is the units digit of n?
6
Suppose 4*f + 2 = 5*k + 5, -5*f = -k - 9. What is the units digit of f/6*(36 + 3)?
3
Let t = -59 + 99. Let c = t + -29. What is the tens digit of c?
1
Let i(n) = -n**3 + 6*n**2 + n + 7. What is the units digit of i(5)?
7
Let k = -1 + 1. Suppose k = m - 3*m + 6. What is the units digit of m?
3
Let p = 14 - 35. Let z = 36 + p. What is the tens digit of z?
1
Let m = -74 + 105. What is the units digit of m?
1
What is the tens digit of (-2 + 0)/(-6) + 314/3?
0
Let l(h) = -h**3 + 3*h**2 + 4*h**2 - 4*h**2. Let k be l(2). Suppose -k*z + 9*z = 45. What is the units digit of z?
9
Suppose 7 = 2*m - 3*v - 27, -3*m + 25 = 2*v. What is the tens digit of m?
1
Let g(w) = 5*w**3 + w - 1. Let h be g(1). Suppose h*d - d + 128 = 0. Let s = -20 - d. What is the units digit of s?
2
Suppose 92 = -4*h + 6*h. What is the tens digit of h?
4
Suppose -1096 = -j + 5*j. What is the units digit of j/(-12) + (-1)/(-6)?
3
Suppose -3 = h + 3*h - 5*t, -3*t - 15 = 0. Let l = h + 18. What is the tens digit of l?
1
Let p be 2/4 - (-27)/6. Suppose a - 21 = l, -13 = p*a + 5*l - 138. What is the units digit of a?
3
Suppose 0 = -h + 3, 4*i = h + 3 + 6. Let v be 6 + 4*1/2. Suppose -5*m - 5*k + 30 = 0, 4*m - k - i*k = v. What is the units digit of m?
4
Suppose -3*a + 4*a = 4*r + 17, 5*a - 13 = -4*r. Let i(b) = a*b - 2 - 3*b - 2. What is the units digit of i(5)?
6
Let f(p) = 3*p + 15. What is the tens digit of f(10)?
4
Suppose -3*p = -3*s - 36, -3*s - 16 = -5*p + 38. Suppose -4*i - 3*o = -5 - p, 3*i - 21 = 3*o. What is the units digit of i?
5
Let k(f) = -f + 3. Let l be k(2). Suppose -9 = -w - l. What is the units digit of w?
8
What is the units digit of -2 - ((4 - 3) + -51)?
8
Suppose 2*j = -2*h + 10, 20 = 4*j + 4*h - 8*h. What is the units digit of (-1 + 2)*(-2 + j)?
3
Suppose 4*q + 4*j = -q + 14, -2*q = -3*j - 1. Let a be 3*(-2)/(-4)*q. Suppose -l - 88 + 10 = -5*w, 3*w = a*l + 42. What is the units digit of w?
6
Suppose -5*v + 65 = 5*n + 20, 0 = -v + 2*n - 3. Suppose 7 = q - v. What is the units digit of q?
2
Suppose y - 5 = 0, 5*y - 20 = -4*q + 13. Suppose -5*f - 1 + 6 = q*o, -4*o = f - 19. Suppose o*v + 5*n = 40, -2*n + 33 = 4*v + 3*n. What is the units digit of v?
7
Let b = 63 - 27. What is the units digit of b?
6
Let t(r) = -11*r - 5. Let m(l) = -11*l - 4. Let u(c) = -3*m(c) + 2*t(c). What is the units digit of u(1)?
3
What is the tens digit of (-260)/13*54/(-8)?
3
Let r(v) = -v**3 + 2*v**2 + v - 1. Let u = -2 - -4. Let c be r(u). What is the units digit of (4/(4/3))/c?
3
Let g be 382/12 + (-3)/(-18). Suppose -g = d - 5*d. What is the units digit of d?
8
Let k = 30 - 12. What is the tens digit of k?
1
Let v(t) = -t**3 - 6*t**2 - 5*t + 4. Suppose -3*c - 2 = 13. Let o be v(c). Suppose -2*u = -3*u + 4*j + 20, o*u - 38 = 2*j. What is the units digit of u?
8
Suppose -j - x = -0*j - 21, 2*x = 0. What is the tens digit of j?
2
Suppose 3*h + 8 = -2*c, 0 = -0*h - 2*h - 2*c - 